{"id":207,"date":"2015-02-02T15:14:08","date_gmt":"2015-02-02T13:14:08","guid":{"rendered":"http:\/\/www.kreisquadratur.at\/wordpress\/?page_id=207"},"modified":"2016-10-25T12:42:57","modified_gmt":"2016-10-25T10:42:57","slug":"sponsoren","status":"publish","type":"page","link":"https:\/\/www.kreisquadratur.at\/wordpress\/?page_id=207","title":{"rendered":"Sponsoren"},"content":{"rendered":"<p style=\"text-align: left;\"><strong>Unterst\u00fctzung der Urauff\u00fchrung und Premiere des St\u00fcckes &#8222;Maha Karuna &#8211; oder WE are NOT part of our Liebesleben&#8220;! Vielen Dank!<\/strong><\/p>\n<p><img loading=\"lazy\" decoding=\"async\" class=\"wp-image-208 size-full aligncenter\" src=\"https:\/\/www.kreisquadratur.at\/wordpress\/wp-content\/uploads\/2015\/02\/orion.jpeg\" alt=\"orion\" width=\"171\" height=\"62\" \/><\/p>\n<p><a href=\"https:\/\/www.helvetia.com\/at\/content\/de\/wir-fuer-sie\/helvetia-vor-ort\/insurance-agents\/graz.html\"><img loading=\"lazy\" decoding=\"async\" class=\" wp-image-409 aligncenter\" src=\"https:\/\/www.kreisquadratur.at\/wordpress\/wp-content\/uploads\/2015\/02\/180214427910311822-NA-1181910752960849088-1-30-NA-300x80.png\" alt=\"180214427910311822-na-1181910752960849088-1-30-na\" width=\"214\" height=\"57\" \/><\/a><\/p>\n<p><a href=\"http:\/\/www.fink-electronics.com\/\"><img loading=\"lazy\" decoding=\"async\" class=\"aligncenter wp-image-410\" src=\"https:\/\/www.kreisquadratur.at\/wordpress\/wp-content\/uploads\/2015\/02\/logo_transparent_schwarz.png\" alt=\"logo_transparent_schwarz\" width=\"151\" height=\"69\" \/><\/a><\/p>\n<p><a href=\"https:\/\/www.helvetia.com\/at\/content\/de\/wir-fuer-sie\/helvetia-vor-ort\/insurance-agents\/graz.html\"><img loading=\"lazy\" decoding=\"async\" class=\"wp-image-242 aligncenter\" src=\"https:\/\/www.kreisquadratur.at\/wordpress\/wp-content\/uploads\/2015\/02\/helvetia_c_70-300x91.jpg\" alt=\"helvetia_c_70\" width=\"198\" height=\"60\" srcset=\"https:\/\/www.kreisquadratur.at\/wordpress\/wp-content\/uploads\/2015\/02\/helvetia_c_70-300x91.jpg 300w, https:\/\/www.kreisquadratur.at\/wordpress\/wp-content\/uploads\/2015\/02\/helvetia_c_70-600x182.jpg 600w, https:\/\/www.kreisquadratur.at\/wordpress\/wp-content\/uploads\/2015\/02\/helvetia_c_70-690x210.jpg 690w, https:\/\/www.kreisquadratur.at\/wordpress\/wp-content\/uploads\/2015\/02\/helvetia_c_70.jpg 924w\" sizes=\"auto, (max-width: 198px) 100vw, 198px\" \/><\/a><\/p>\n<p><img loading=\"lazy\" decoding=\"async\" class=\"alignnone size-full wp-image-399 aligncenter\" src=\"https:\/\/www.kreisquadratur.at\/wordpress\/wp-content\/uploads\/2015\/02\/tec2fun_logo.jpg\" alt=\"tec2fun_logo\" width=\"180\" height=\"75\" \/><\/p>\n<h6 style=\"text-align: center;\">\u00a0<a href=\"http:\/\/www.stressdeponie.at\/\"><img loading=\"lazy\" decoding=\"async\" class=\"alignnone  wp-image-436\" src=\"https:\/\/www.kreisquadratur.at\/wordpress\/wp-content\/uploads\/2015\/02\/logo-stressdeponie.png\" alt=\"logo-stressdeponie\" width=\"110\" height=\"146\" \/><\/a><\/h6>\n<h6 style=\"text-align: center;\"><a href=\"https:\/\/www.vomfass-wien.at\/\"><img loading=\"lazy\" decoding=\"async\" class=\"alignnone size-medium wp-image-437\" src=\"https:\/\/www.kreisquadratur.at\/wordpress\/wp-content\/uploads\/2015\/02\/vom_fass_logo.png\" alt=\"vom_fass_logo\" width=\"106\" height=\"80\" \/><\/a><\/h6>\n<p>&nbsp;<\/p>\n<p><strong>Sponsoring f\u00fcr die Lesung im Literaturhaus Graz, M\u00e4rz 2015<\/strong><\/p>\n<figure id=\"attachment_230\" aria-describedby=\"caption-attachment-230\" style=\"width: 186px\" class=\"wp-caption aligncenter\"><a href=\"http:\/\/www.makava.at\/\"><img loading=\"lazy\" decoding=\"async\" class=\" wp-image-230\" src=\"https:\/\/www.kreisquadratur.at\/wordpress\/wp-content\/uploads\/2015\/02\/MAKAvA-Logo-Web-300x291.jpg\" alt=\"MAKAvA-Logo-Web\" width=\"186\" height=\"180\" srcset=\"https:\/\/www.kreisquadratur.at\/wordpress\/wp-content\/uploads\/2015\/02\/MAKAvA-Logo-Web-300x291.jpg 300w, https:\/\/www.kreisquadratur.at\/wordpress\/wp-content\/uploads\/2015\/02\/MAKAvA-Logo-Web-515x500.jpg 515w, https:\/\/www.kreisquadratur.at\/wordpress\/wp-content\/uploads\/2015\/02\/MAKAvA-Logo-Web-690x669.jpg 690w, https:\/\/www.kreisquadratur.at\/wordpress\/wp-content\/uploads\/2015\/02\/MAKAvA-Logo-Web-980x951.jpg 980w, https:\/\/www.kreisquadratur.at\/wordpress\/wp-content\/uploads\/2015\/02\/MAKAvA-Logo-Web.jpg 1000w\" sizes=\"auto, (max-width: 186px) 100vw, 186px\" \/><\/a><figcaption id=\"caption-attachment-230\" class=\"wp-caption-text\">Danke, f\u00fcr euer entz\u00fcckendes Getr\u00e4nk!<\/figcaption><\/figure>\n<figure id=\"attachment_241\" aria-describedby=\"caption-attachment-241\" style=\"width: 169px\" class=\"wp-caption aligncenter\"><a href=\"http:\/\/www.murauerbier.at\/\"><img loading=\"lazy\" decoding=\"async\" class=\" wp-image-241\" src=\"https:\/\/www.kreisquadratur.at\/wordpress\/wp-content\/uploads\/2015\/02\/cache_11413047-300x260.png\" alt=\"cache_11413047\" width=\"169\" height=\"147\" srcset=\"https:\/\/www.kreisquadratur.at\/wordpress\/wp-content\/uploads\/2015\/02\/cache_11413047-300x260.png 300w, https:\/\/www.kreisquadratur.at\/wordpress\/wp-content\/uploads\/2015\/02\/cache_11413047-576x500.png 576w, https:\/\/www.kreisquadratur.at\/wordpress\/wp-content\/uploads\/2015\/02\/cache_11413047-690x599.png 690w, https:\/\/www.kreisquadratur.at\/wordpress\/wp-content\/uploads\/2015\/02\/cache_11413047.png 885w\" sizes=\"auto, (max-width: 169px) 100vw, 169px\" \/><\/a><figcaption id=\"caption-attachment-241\" class=\"wp-caption-text\">Danke, f\u00fcr das Bier!<\/figcaption><\/figure>\n<figure id=\"attachment_232\" aria-describedby=\"caption-attachment-232\" style=\"width: 88px\" class=\"wp-caption aligncenter\"><a href=\"http:\/\/www.kolarik-leeb.at\/\"><img loading=\"lazy\" decoding=\"async\" class=\"wp-image-232 size-full\" src=\"https:\/\/www.kreisquadratur.at\/wordpress\/wp-content\/uploads\/2015\/02\/kolarik.jpeg\" alt=\"kolarik\" width=\"88\" height=\"88\" \/><\/a><figcaption id=\"caption-attachment-232\" class=\"wp-caption-text\">Danke, f\u00fcr das Mineralwasser!<\/figcaption><\/figure>\n<figure id=\"attachment_242\" aria-describedby=\"caption-attachment-242\" style=\"width: 171px\" class=\"wp-caption aligncenter\"><a href=\"https:\/\/www.helvetia.com\/at\/content\/de\/home.html\"><img loading=\"lazy\" decoding=\"async\" class=\" wp-image-242\" src=\"https:\/\/www.kreisquadratur.at\/wordpress\/wp-content\/uploads\/2015\/02\/helvetia_c_70-300x91.jpg\" alt=\"helvetia_c_70\" width=\"171\" height=\"52\" srcset=\"https:\/\/www.kreisquadratur.at\/wordpress\/wp-content\/uploads\/2015\/02\/helvetia_c_70-300x91.jpg 300w, https:\/\/www.kreisquadratur.at\/wordpress\/wp-content\/uploads\/2015\/02\/helvetia_c_70-600x182.jpg 600w, https:\/\/www.kreisquadratur.at\/wordpress\/wp-content\/uploads\/2015\/02\/helvetia_c_70-690x210.jpg 690w, https:\/\/www.kreisquadratur.at\/wordpress\/wp-content\/uploads\/2015\/02\/helvetia_c_70.jpg 924w\" sizes=\"auto, (max-width: 171px) 100vw, 171px\" \/><\/a><figcaption id=\"caption-attachment-242\" class=\"wp-caption-text\">Und Danke, f\u00fcr das leibliche Wohl!<\/figcaption><\/figure>\n<figure id=\"attachment_250\" aria-describedby=\"caption-attachment-250\" style=\"width: 97px\" class=\"wp-caption aligncenter\"><a href=\"http:\/\/listwein.at\/\"><img loading=\"lazy\" decoding=\"async\" class=\"wp-image-250\" src=\"https:\/\/www.kreisquadratur.at\/wordpress\/wp-content\/uploads\/2015\/03\/list_mit-169x300.jpg\" alt=\"list_mit\" width=\"97\" height=\"173\" srcset=\"https:\/\/www.kreisquadratur.at\/wordpress\/wp-content\/uploads\/2015\/03\/list_mit-169x300.jpg 169w, https:\/\/www.kreisquadratur.at\/wordpress\/wp-content\/uploads\/2015\/03\/list_mit-281x500.jpg 281w, https:\/\/www.kreisquadratur.at\/wordpress\/wp-content\/uploads\/2015\/03\/list_mit-690x1226.jpg 690w, https:\/\/www.kreisquadratur.at\/wordpress\/wp-content\/uploads\/2015\/03\/list_mit-980x1741.jpg 980w, https:\/\/www.kreisquadratur.at\/wordpress\/wp-content\/uploads\/2015\/03\/list_mit.jpg 1599w\" sizes=\"auto, (max-width: 97px) 100vw, 97px\" \/><\/a><figcaption id=\"caption-attachment-250\" class=\"wp-caption-text\">Danke f\u00fcr den Wein!<\/figcaption><\/figure>\n<p>&nbsp;<\/p>\n","protected":false},"excerpt":{"rendered":"<p>Unterst\u00fctzung der Urauff\u00fchrung und Premiere des St\u00fcckes &#8222;Maha Karuna &#8211; oder WE are NOT part of our Liebesleben&#8220;! Vielen Dank! \u00a0 &nbsp; Sponsoring f\u00fcr die Lesung im Literaturhaus Graz, M\u00e4rz 2015 &nbsp;<\/p>\n","protected":false},"author":1,"featured_media":0,"parent":0,"menu_order":0,"comment_status":"closed","ping_status":"closed","template":"","meta":{"_coblocks_attr":"","_coblocks_dimensions":"","_coblocks_responsive_height":"","_coblocks_accordion_ie_support":"","footnotes":""},"class_list":["post-207","page","type-page","status-publish","hentry"],"_links":{"self":[{"href":"https:\/\/www.kreisquadratur.at\/wordpress\/index.php?rest_route=\/wp\/v2\/pages\/207","targetHints":{"allow":["GET"]}}],"collection":[{"href":"https:\/\/www.kreisquadratur.at\/wordpress\/index.php?rest_route=\/wp\/v2\/pages"}],"about":[{"href":"https:\/\/www.kreisquadratur.at\/wordpress\/index.php?rest_route=\/wp\/v2\/types\/page"}],"author":[{"embeddable":true,"href":"https:\/\/www.kreisquadratur.at\/wordpress\/index.php?rest_route=\/wp\/v2\/users\/1"}],"replies":[{"embeddable":true,"href":"https:\/\/www.kreisquadratur.at\/wordpress\/index.php?rest_route=%2Fwp%2Fv2%2Fcomments&post=207"}],"version-history":[{"count":13,"href":"https:\/\/www.kreisquadratur.at\/wordpress\/index.php?rest_route=\/wp\/v2\/pages\/207\/revisions"}],"predecessor-version":[{"id":438,"href":"https:\/\/www.kreisquadratur.at\/wordpress\/index.php?rest_route=\/wp\/v2\/pages\/207\/revisions\/438"}],"wp:attachment":[{"href":"https:\/\/www.kreisquadratur.at\/wordpress\/index.php?rest_route=%2Fwp%2Fv2%2Fmedia&parent=207"}],"curies":[{"name":"wp","href":"https:\/\/api.w.org\/{rel}","templated":true}]}}